{"id":11295,"date":"2019-04-25T10:22:00","date_gmt":"2019-04-25T08:22:00","guid":{"rendered":"http:\/\/varela-design.com\/radiateur-design\/product\/radiateur-design-vd-4608-varela-design\/"},"modified":"2020-03-09T16:11:48","modified_gmt":"2020-03-09T14:11:48","slug":"radiateur-design-vd-4608-varela-design","status":"publish","type":"product","link":"https:\/\/old.varela-design.com\/radiateur-design\/produit\/radiateur-design-vd-4608-varela-design\/","title":{"rendered":"Radiateur design VD4608"},"content":{"rendered":"<div style=\"display: none;\"\n    class=\"kk-star-ratings kksr-valign-top kksr-align-left kksr-disabled\"\n    data-id=\"11295\"\n    data-slug=\"\">\n    <div class=\"kksr-stars\">\n    <div class=\"kksr-stars-inactive\">\n            <div class=\"kksr-star\" data-star=\"1\">\n            <div class=\"kksr-icon\" style=\"width: px; height: px;\"><\/div>\n        <\/div>\n            <div class=\"kksr-star\" data-star=\"2\">\n            <div class=\"kksr-icon\" style=\"width: px; height: px;\"><\/div>\n        <\/div>\n            <div class=\"kksr-star\" data-star=\"3\">\n            <div class=\"kksr-icon\" style=\"width: px; height: px;\"><\/div>\n        <\/div>\n            <div class=\"kksr-star\" data-star=\"4\">\n            <div class=\"kksr-icon\" style=\"width: px; height: px;\"><\/div>\n        <\/div>\n            <div class=\"kksr-star\" data-star=\"5\">\n            <div class=\"kksr-icon\" style=\"width: px; height: px;\"><\/div>\n        <\/div>\n    <\/div>\n    <div class=\"kksr-stars-active\" style=\"width: 0px;\">\n            <div class=\"kksr-star\">\n            <div class=\"kksr-icon\" style=\"width: px; height: px;\"><\/div>\n        <\/div>\n            <div class=\"kksr-star\">\n            <div class=\"kksr-icon\" style=\"width: px; height: px;\"><\/div>\n        <\/div>\n            <div class=\"kksr-star\">\n            <div class=\"kksr-icon\" style=\"width: px; height: px;\"><\/div>\n        <\/div>\n            <div class=\"kksr-star\">\n            <div class=\"kksr-icon\" style=\"width: px; height: px;\"><\/div>\n        <\/div>\n            <div class=\"kksr-star\">\n            <div class=\"kksr-icon\" style=\"width: px; height: px;\"><\/div>\n        <\/div>\n    <\/div>\n<\/div>\n    <div class=\"kksr-legend\">\n            <span class=\"kksr-muted\"><\/span>\n    <\/div>\n<\/div>\n<h2>Radiateur design style industriel<\/h2>\n<p>Le radiateur design VD4608 est un radiateur \u00e0 ailette h\u00e9lico\u00efdale d\u2019un diam\u00e8tre de 156mm et avec une hauteur de 211mm.<\/p>\n<p>Il est disponible en chauffage central, et vous retransmet 1103 Watts au m\u00e8tre lin\u00e9aire. Il est \u00e9galement disponible en version \u00e9lectrique, avec une puissance de 800 Watts au m\u00e8tre lin\u00e9aire.<\/p>\n<p>Ce radiateur design VD4608 est disponible avec des longueurs allant de 500mm \u00e0 6 m\u00e8tres. En cons\u00e9quent il peut \u00eatre install\u00e9 dans des espaces restreints ou tr\u00e8s grands n\u00e9cessitant des puissances de chauffe \u00e9lev\u00e9es. En bref, vous pouvez avoir un radiateur \u00e0 la dimension que vous souhaitez.<\/p>\n<p>De plus, vous pouvez l\u2019installer \u00e0 votre convenance. Il peut \u00eatre pos\u00e9 en version horizontale (fixation sol ou mur), ou en version verticale, pour gagner en largeur.<\/p>\n<p>Varela Design, dans un souci de qualit\u00e9 et de r\u00e9sistance, a s\u00e9lectionn\u00e9 une mati\u00e8re sans soudure, l\u2019acier \u00e9tir\u00e9 \u00e0 froid.<\/p>\n<p>Par ailleurs, pour encore plus de puissance, sur une longueur restreinte, le radiateur design VD4608, peut \u00eatre remplac\u00e9 par le <a href=\"http:\/\/varela-design.com\/radiateur-design\/produit\/radiateur-design-vd-4609-varela-design\/\">VD4609<\/a>, ayant le m\u00eame diam\u00e8tre.<\/p>\n<h3>Radiateur design \u00e0 ailette fabriqu\u00e9 en France<\/h3>\n<p>Grace \u00e0 son style industriel, ce radiateur design \u00e0 ailette fabriqu\u00e9 en France, r\u00e9pond parfaitement \u00e0 vos int\u00e9rieurs pour lequel vous cherchez \u00e0 cr\u00e9er une ambiance loft. Notre client\u00e8le architecte, l\u2019int\u00e8gre parfaitement dans les ambiances qu\u2019ils cherchent \u00e0 cr\u00e9er.<\/p>\n<p>Par ailleurs, sa mall\u00e9abilit\u00e9 en termes de longueur ou de positionnement vous permettra de le placer sous vos baies vitr\u00e9es ou toutes surfaces ayant une all\u00e8ge faible.<\/p>\n<p>Que vous ayez un int\u00e9rieur Haussmannien, industriel, moderne, \u2026 Il s\u2019adaptera \u00e0 votre besoin, peut-\u00eatre en jouant sur la couleur. Qu\u2019il soit blanc, noir mat, vernis mat,\u2026 il trouvera sa place.<\/p>\n<p>Par ailleurs, sa version \u00e9lectrique apportera une chaleur douce \u00e0 votre int\u00e9rieur, par son inertie due \u00e0 son fluide caloporteur.<\/p>\n<p>En conclusion, ce radiateur design \u00e0 ailette fabriqu\u00e9 en France, en r\u00e9gion centre, r\u00e9pond au savoir-faire fran\u00e7ais comme l\u2019a voulu Nathalie Varela. Vous pourrez l\u2019admir\u00e9, entre autre, dans l\u2019un des restaurants du chef Cyril Lignac.<\/p>\n<a href=\"#tab-description\" class=\"cs_button cs_button_small cs_button_red\">voir description compl\u00e8te<\/a>\n<div class=\"su-members xoo-el-login-tgr\" style=\"background-color:#ffbfc3;border-color:#c40c10;color:#5e0000\">Les tarifs HT publics sont destin\u00e9s uniquement aux utilisateurs enregistr\u00e9s. Veuillez-vous connecter en cliquant <a href=\"#\">ici<\/a> .<\/div>\n<a href=\"http:\/\/varela-design.com\/radiateur-design\/wp-content\/uploads\/2015\/05\/VD-4608-tech-CC.pdf\" class=\"cs_button cs_button_medium cs_button_red\" target=\"_blank\" >fiche technique cc<\/a>\n<a href=\"http:\/\/varela-design.com\/radiateur-design\/wp-content\/uploads\/2015\/05\/VD-4608-tech-Elec.pdf\" class=\"cs_button cs_button_medium cs_button_red\" target=\"_blank\" >fiche technique elec<\/a>\n<p><a class=\"wp-colorbox-iframe cboxElement\" style=\"text-shadow: none!important; padding: 13px 24px!important; border-color: rgba(0, 0, 0, 0.64); background: #dd3333; font-size: 14px!important; box-shadow: none; color: #ffffff; border-radius: 5px;\" href=\"https:\/\/www.youtube.com\/embed\/SmWmQVsrVZI\" data-rel=\"lightbox-video-0\">Nos coloris<\/a><\/p>\n<p><a class=\"wp-colorbox-iframe cboxElement\" style=\"text-shadow: none!important; padding: 13px 24px!important; border-color: rgba(0, 0, 0, 0.64); background: #dd3333; font-size: 14px!important; box-shadow: none; color: #ffffff; border-radius: 5px;\" href=\"http:\/\/varela-design.com\/radiateur-design\/wp-content\/uploads\/scan\/4608.html\">voir en r\u00e9alit\u00e9 augment\u00e9e<\/a><\/p>\n<p><a class=\"wp-colorbox-iframe cboxElement\" style=\"text-shadow: none!important; padding: 13px 24px!important; border-color: rgba(0, 0, 0, 0.64); background: #dd3333; font-size: 14px!important; box-shadow: none; color: #ffffff; border-radius: 5px;\" href=\"https:\/\/sketchfab.com\/models\/6a98cea3b75043068cb9afef028a9f44\/embed\">voir la 3D<\/a><\/p>\n<div class=\"pdfprnt-buttons pdfprnt-buttons-product pdfprnt-bottom-right\"><a href=\"https:\/\/old.varela-design.com\/radiateur-design\/wp-json\/wp\/v2\/product\/11295?print=pdf\" class=\"pdfprnt-button pdfprnt-button-pdf\" target=\"_blank\"><img src=\"https:\/\/varela-design.com\/radiateur-design\/wp-content\/plugins\/pdf-print\/images\/pdf.png\" alt=\"image_pdf\" title=\"View PDF\" \/><span class=\"pdfprnt-button-title pdfprnt-button-pdf-title\">t\u00e9l\u00e9chargez cette page en pdf<\/span><\/a><a href=\"https:\/\/old.varela-design.com\/radiateur-design\/wp-json\/wp\/v2\/product\/11295?print=print\" class=\"pdfprnt-button pdfprnt-button-print\" target=\"_blank\"><img src=\"https:\/\/varela-design.com\/radiateur-design\/wp-content\/plugins\/pdf-print\/images\/print.png\" alt=\"image_print\" title=\"Print Content\" \/><span class=\"pdfprnt-button-title pdfprnt-button-print-title\">imprimez cette page<\/span><\/a><\/div>","protected":false},"excerpt":{"rendered":"<blockquote>\n<h2>Radiateur design style industriel<\/h2>\n<p>Le radiateur design VD4608 est un radiateur \u00e0 ailette h\u00e9lico\u00efdale d\u2019un diam\u00e8tre de 156mm et avec une hauteur de 211mm.<\/p>\n<p>Il est disponible en chauffage central, et vous retransmet 1103 Watts au m\u00e8tre lin\u00e9aire. Il est \u00e9galement disponible en version \u00e9lectrique, avec une puissance de 800 Watts au m\u00e8tre lin\u00e9aire.<\/p>\n<p>Ce radiateur design VD4608 est disponible avec des longueurs allant de 500mm \u00e0 6 m\u00e8tres. En cons\u00e9quent il peut \u00eatre install\u00e9 dans&#8230;<\/p><\/blockquote>\n<a href=\"#tab-description\" class=\"cs_button cs_button_small cs_button_red\">voir description compl\u00e8te<\/a>\n<div class=\"su-members xoo-el-login-tgr\" style=\"background-color:#ffbfc3;border-color:#c40c10;color:#5e0000\">Les tarifs HT publics sont destin\u00e9s uniquement aux utilisateurs enregistr\u00e9s. Veuillez-vous connecter en cliquant <a href=\"#\">ici<\/a> .<\/div>\n","protected":false},"featured_media":13522,"comment_status":"open","ping_status":"closed","template":"","meta":[],"yoast_head":"<!-- This site is optimized with the Yoast SEO plugin v16.0.2 - https:\/\/yoast.com\/wordpress\/plugins\/seo\/ -->\n<title>Radiateur design VD4608 - Radiateur design \u00e0 ailette - Varela design<\/title>\n<meta name=\"description\" content=\"Le radiateur design VD4608 est un radiateur \u00e0 ailette h\u00e9lico\u00efdale d\u2019un diam\u00e8tre de 156mm.Il est disponible en chauffage central,1103 Watts au m\u00e8tre lin\u00e9aire\" \/>\n<meta property=\"og:locale\" content=\"fr_FR\" \/>\n<meta property=\"og:type\" content=\"article\" \/>\n<meta property=\"og:title\" content=\"Radiateur design VD4608 - Radiateur design \u00e0 ailette - Varela design\" \/>\n<meta property=\"og:description\" content=\"Le radiateur design VD4608 est un radiateur \u00e0 ailette h\u00e9lico\u00efdale d\u2019un diam\u00e8tre de 156mm.Il est disponible en chauffage central,1103 Watts au m\u00e8tre lin\u00e9aire\" \/>\n<meta property=\"og:url\" content=\"https:\/\/old.varela-design.com\/radiateur-design\/produit\/radiateur-design-vd-4608-varela-design\/\" \/>\n<meta property=\"og:site_name\" content=\"varela design\" \/>\n<meta property=\"article:publisher\" content=\"https:\/\/www.facebook.com\/VarelaDesignRadiateur\" \/>\n<meta property=\"article:modified_time\" content=\"2020-03-09T14:11:48+00:00\" \/>\n<meta property=\"og:image\" content=\"https:\/\/old.varela-design.com\/radiateur-design\/wp-content\/uploads\/2017\/04\/vd_4608.jpg\" \/>\n\t<meta property=\"og:image:width\" content=\"600\" \/>\n\t<meta property=\"og:image:height\" content=\"841\" \/>\n<meta name=\"twitter:card\" content=\"summary_large_image\" \/>\n<meta name=\"twitter:site\" content=\"@varela_design\" \/>\n<meta name=\"twitter:label1\" content=\"Dur\u00e9e de lecture est.\">\n\t<meta name=\"twitter:data1\" content=\"2 minutes\">\n<script type=\"application\/ld+json\" class=\"yoast-schema-graph\">{\"@context\":\"https:\/\/schema.org\",\"@graph\":[{\"@type\":\"WebSite\",\"@id\":\"https:\/\/old.varela-design.com\/radiateur-design\/#website\",\"url\":\"https:\/\/old.varela-design.com\/radiateur-design\/\",\"name\":\"varela design\",\"description\":\"Radiateur design et s\\u00e8che serviette design\",\"potentialAction\":[{\"@type\":\"SearchAction\",\"target\":\"https:\/\/old.varela-design.com\/radiateur-design\/?s={search_term_string}\",\"query-input\":\"required name=search_term_string\"}],\"inLanguage\":\"fr-FR\"},{\"@type\":\"ImageObject\",\"@id\":\"https:\/\/old.varela-design.com\/radiateur-design\/produit\/radiateur-design-vd-4608-varela-design\/#primaryimage\",\"inLanguage\":\"fr-FR\",\"url\":\"https:\/\/old.varela-design.com\/radiateur-design\/wp-content\/uploads\/2017\/04\/vd_4608.jpg\",\"width\":600,\"height\":841,\"caption\":\"Radiateur design VD4608\"},{\"@type\":\"WebPage\",\"@id\":\"https:\/\/old.varela-design.com\/radiateur-design\/produit\/radiateur-design-vd-4608-varela-design\/#webpage\",\"url\":\"https:\/\/old.varela-design.com\/radiateur-design\/produit\/radiateur-design-vd-4608-varela-design\/\",\"name\":\"Radiateur design VD4608 - Radiateur design \\u00e0 ailette - Varela design\",\"isPartOf\":{\"@id\":\"https:\/\/old.varela-design.com\/radiateur-design\/#website\"},\"primaryImageOfPage\":{\"@id\":\"https:\/\/old.varela-design.com\/radiateur-design\/produit\/radiateur-design-vd-4608-varela-design\/#primaryimage\"},\"datePublished\":\"2019-04-25T08:22:00+00:00\",\"dateModified\":\"2020-03-09T14:11:48+00:00\",\"description\":\"Le radiateur design VD4608 est un radiateur \\u00e0 ailette h\\u00e9lico\\u00efdale d\\u2019un diam\\u00e8tre de 156mm.Il est disponible en chauffage central,1103 Watts au m\\u00e8tre lin\\u00e9aire\",\"breadcrumb\":{\"@id\":\"https:\/\/old.varela-design.com\/radiateur-design\/produit\/radiateur-design-vd-4608-varela-design\/#breadcrumb\"},\"inLanguage\":\"fr-FR\",\"potentialAction\":[{\"@type\":\"ReadAction\",\"target\":[\"https:\/\/old.varela-design.com\/radiateur-design\/produit\/radiateur-design-vd-4608-varela-design\/\"]}]},{\"@type\":\"BreadcrumbList\",\"@id\":\"https:\/\/old.varela-design.com\/radiateur-design\/produit\/radiateur-design-vd-4608-varela-design\/#breadcrumb\",\"itemListElement\":[{\"@type\":\"ListItem\",\"position\":1,\"item\":{\"@type\":\"WebPage\",\"@id\":\"https:\/\/old.varela-design.com\/radiateur-design\/\",\"url\":\"https:\/\/old.varela-design.com\/radiateur-design\/\",\"name\":\"Home\"}},{\"@type\":\"ListItem\",\"position\":2,\"item\":{\"@type\":\"WebPage\",\"@id\":\"https:\/\/old.varela-design.com\/radiateur-design\/boutique\/\",\"url\":\"https:\/\/old.varela-design.com\/radiateur-design\/boutique\/\",\"name\":\"Nos produits\"}},{\"@type\":\"ListItem\",\"position\":3,\"item\":{\"@type\":\"WebPage\",\"@id\":\"https:\/\/old.varela-design.com\/radiateur-design\/produit\/radiateur-design-vd-4608-varela-design\/\",\"url\":\"https:\/\/old.varela-design.com\/radiateur-design\/produit\/radiateur-design-vd-4608-varela-design\/\",\"name\":\"Radiateur design VD4608\"}}]}]}<\/script>\n<!-- \/ Yoast SEO plugin. -->","_links":{"self":[{"href":"https:\/\/old.varela-design.com\/radiateur-design\/wp-json\/wp\/v2\/product\/11295"}],"collection":[{"href":"https:\/\/old.varela-design.com\/radiateur-design\/wp-json\/wp\/v2\/product"}],"about":[{"href":"https:\/\/old.varela-design.com\/radiateur-design\/wp-json\/wp\/v2\/types\/product"}],"replies":[{"embeddable":true,"href":"https:\/\/old.varela-design.com\/radiateur-design\/wp-json\/wp\/v2\/comments?post=11295"}],"wp:featuredmedia":[{"embeddable":true,"href":"https:\/\/old.varela-design.com\/radiateur-design\/wp-json\/wp\/v2\/media\/13522"}],"wp:attachment":[{"href":"https:\/\/old.varela-design.com\/radiateur-design\/wp-json\/wp\/v2\/media?parent=11295"}],"curies":[{"name":"wp","href":"https:\/\/api.w.org\/{rel}","templated":true}]}}