{"id":12351,"date":"2017-08-30T09:42:03","date_gmt":"2017-08-30T07:42:03","guid":{"rendered":"http:\/\/varela-design.com\/radiateur-design\/?post_type=product&#038;p=12351"},"modified":"2020-03-09T16:11:58","modified_gmt":"2020-03-09T14:11:58","slug":"radiateur-design-vd-4661-par-varela-design-made-in-france","status":"publish","type":"product","link":"https:\/\/old.varela-design.com\/radiateur-design\/produit\/radiateur-design-vd-4661-par-varela-design-made-in-france\/","title":{"rendered":"Radiateur design VD4661"},"content":{"rendered":"<div style=\"display: none;\"\n    class=\"kk-star-ratings kksr-valign-top kksr-align-left kksr-disabled\"\n    data-id=\"12351\"\n    data-slug=\"\">\n    <div class=\"kksr-stars\">\n    <div class=\"kksr-stars-inactive\">\n            <div class=\"kksr-star\" data-star=\"1\">\n            <div class=\"kksr-icon\" style=\"width: px; height: px;\"><\/div>\n        <\/div>\n            <div class=\"kksr-star\" data-star=\"2\">\n            <div class=\"kksr-icon\" style=\"width: px; height: px;\"><\/div>\n        <\/div>\n            <div class=\"kksr-star\" data-star=\"3\">\n            <div class=\"kksr-icon\" style=\"width: px; height: px;\"><\/div>\n        <\/div>\n            <div class=\"kksr-star\" data-star=\"4\">\n            <div class=\"kksr-icon\" style=\"width: px; height: px;\"><\/div>\n        <\/div>\n            <div class=\"kksr-star\" data-star=\"5\">\n            <div class=\"kksr-icon\" style=\"width: px; height: px;\"><\/div>\n        <\/div>\n    <\/div>\n    <div class=\"kksr-stars-active\" style=\"width: 0px;\">\n            <div class=\"kksr-star\">\n            <div class=\"kksr-icon\" style=\"width: px; height: px;\"><\/div>\n        <\/div>\n            <div class=\"kksr-star\">\n            <div class=\"kksr-icon\" style=\"width: px; height: px;\"><\/div>\n        <\/div>\n            <div class=\"kksr-star\">\n            <div class=\"kksr-icon\" style=\"width: px; height: px;\"><\/div>\n        <\/div>\n            <div class=\"kksr-star\">\n            <div class=\"kksr-icon\" style=\"width: px; height: px;\"><\/div>\n        <\/div>\n            <div class=\"kksr-star\">\n            <div class=\"kksr-icon\" style=\"width: px; height: px;\"><\/div>\n        <\/div>\n    <\/div>\n<\/div>\n    <div class=\"kksr-legend\">\n            <span class=\"kksr-muted\"><\/span>\n    <\/div>\n<\/div>\n<h2>Radiateur design r\u00e9invent\u00e9<\/h2>\n<p>Notre radiateur design \u00e0 ailettes vous est pr\u00e9sent\u00e9 dans une version avec pieds r\u00e9invent\u00e9s.<\/p>\n<p>C\u2019est une touche de modernit\u00e9 dans votre int\u00e9rieur que ce produit veut apporter.<\/p>\n<p>Il est disponible en version \u00e9lectrique ou chauffage central. Le radiateur design VD4661 avec une ailette de diam\u00e8tre 130mm conviendra \u00e0 tout emplacement, que ce soit le s\u00e9jour ou la chambre, sous une fen\u00eatre ou le long d\u2019un mur, par sa large gamme de dimensions. Con\u00e7u en acier \u00e9tir\u00e9 \u00e0 froid dans des tailles standardis\u00e9es allant de 600mm \u00e0 3000mm. Cependant, la fabrication de ce radiateur est \u00e9galement possible dans toutes autres tailles sur mesure jusqu\u2019\u00e0 6000mm suivant vos demandes. La finition EPOXY appliqu\u00e9e sur le radiateur design VD4661 vous garantira une qualit\u00e9 de couleur qualitative dans le temps. Les pieds et le tube \u00e0 ailettes peuvent \u00eatre trait\u00e9s dans des couleurs RAL diff\u00e9rentes.<\/p>\n<h3>Jouez avec le radiateur VD4661 et ses couleurs<\/h3>\n<p>En bref, vous avez entre les mains toutes les cartes pour personnaliser chacune des pi\u00e8ces de votre maison avec ce radiateur design VD4661.<\/p>\n<p>Vous allez pouvoir jouer en combinant diff\u00e9rentes couleurs. Vous pourrez rester si vous le souhaitez plus sobre dans certaines pi\u00e8ces en restant sur un produit monochrome. L\u2019\u00e9l\u00e9gance \u00e0 la Fran\u00e7aise avec un produit d\u00e9clinable. Que vous choisissiez les pieds Chambord ou les pieds Tours, vous r\u00e9inventerez votre vision du radiateur avec le gage d\u2019une fabrication 100% made in France. Un pied de part et d\u2019autre o\u00f9 deux pieds \u00e0 chaque extr\u00e9mit\u00e9, les possibilit\u00e9s sont multiples et vous pourrez acheter ult\u00e9rieurement d&#8217;autres couleurs si vous changez la d\u00e9coration de votre int\u00e9rieur.<\/p>\n<p>! &#8211; Le vernis mat est un traitement de protection et pas un traitement de couleur. Ne pas le laisser dans des espaces humides &#8211; !<\/p>\n<p>Parue sur le site\u00a0marieclaire.fr\u00a0<a href=\"https:\/\/www.marieclaire.fr\/photo\/1168134\/2901430\/un-radiateur-au-design-tubulaire\">ici<\/a><br \/>\nParue sur le site www.linternaute.com ,voir larticle<a href=\"http:\/\/www.linternaute.com\/bricolage\/amenagement-interieur\/1206200-ces-radiateurs-design-qui-embellissent-votre-interieur\/1405095-un-radiateur-made-in-france\"> ici<\/a><\/p>\n<div class=\"su-members xoo-el-login-tgr\" style=\"background-color:#ffbfc3;border-color:#c40c10;color:#5e0000\">Les tarifs HT publics sont destin\u00e9s uniquement aux utilisateurs enregistr\u00e9s. Veuillez-vous connecter en cliquant <a href=\"#\">ici<\/a> .<\/div>\n<p><a class=\"wp-colorbox-iframe cboxElement\" style=\"text-shadow: none!important; padding: 13px 24px!important; border-color: rgba(0, 0, 0, 0.64); background: #dd3333; font-size: 14px!important; box-shadow: none; color: #ffffff; border-radius: 5px;\" href=\"https:\/\/www.youtube.com\/embed\/SmWmQVsrVZI\" data-rel=\"lightbox-video-0\">Nos coloris<\/a><\/p>\n<p><img loading=\"lazy\" class=\"wp-image-12449 size-thumbnail\" src=\"http:\/\/varela-design.com\/radiateur-design\/wp-content\/uploads\/2017\/08\/Fabriqu\u00e9-en-France-150x150.jpg\" alt=\"logo norme fabriqu\u00e9 en france\" width=\"150\" height=\"150\" srcset=\"https:\/\/old.varela-design.com\/radiateur-design\/wp-content\/uploads\/2017\/08\/Fabriqu\u00e9-en-France-150x150.jpg 150w, https:\/\/old.varela-design.com\/radiateur-design\/wp-content\/uploads\/2017\/08\/Fabriqu\u00e9-en-France-300x300.jpg 300w, https:\/\/old.varela-design.com\/radiateur-design\/wp-content\/uploads\/2017\/08\/Fabriqu\u00e9-en-France-80x80.jpg 80w, https:\/\/old.varela-design.com\/radiateur-design\/wp-content\/uploads\/2017\/08\/Fabriqu\u00e9-en-France-120x120.jpg 120w, https:\/\/old.varela-design.com\/radiateur-design\/wp-content\/uploads\/2017\/08\/Fabriqu\u00e9-en-France.jpg 334w\" sizes=\"(max-width: 150px) 100vw, 150px\" \/><\/p>\n<h2>Tous nos radiateurs design \u00e9lectrique sont \u00e9quiper des r\u00e9sistances PTC doublement \u00e9conomique<\/h2>\n<div style=\"width: 502px\" class=\"wp-caption alignleft\"><img loading=\"lazy\" src=\"http:\/\/varela-design.com\/radiateur-design\/wp-content\/uploads\/2018\/01\/R%C3%A9sistance-PTC-notice-explicative-725x1024.jpg\" alt=\"r\u00e9sistances PTC doublement \u00e9conomique\" width=\"492\" height=\"695\" \/><p class=\"wp-caption-text\">r\u00e9sistances PTC doublement \u00e9conomique<\/p><\/div>\n<p><iframe class=\"wp-embedded-content\" title=\"\u00ab\u00a0R\u00e9sistance \u00e9lectrique PTC VA 205\u00a0\u00bb \u2014 varela design\" src=\"http:\/\/varela-design.com\/radiateur-design\/produit\/resistance-electrique-va-205\/embed\/#?secret=MrDj652MrU\" width=\"600\" height=\"702\" frameborder=\"0\" marginwidth=\"0\" marginheight=\"0\" scrolling=\"no\" sandbox=\"allow-scripts\" data-secret=\"MrDj652MrU\"><span data-mce-type=\"bookmark\" style=\"display: inline-block; width: 0px; overflow: hidden; line-height: 0;\" class=\"mce_SELRES_start\">\ufeff<\/span><\/iframe><\/p>\n<div class=\"pdfprnt-buttons pdfprnt-buttons-product pdfprnt-bottom-right\"><a href=\"https:\/\/old.varela-design.com\/radiateur-design\/wp-json\/wp\/v2\/product\/12351?print=pdf\" class=\"pdfprnt-button pdfprnt-button-pdf\" target=\"_blank\"><img src=\"https:\/\/varela-design.com\/radiateur-design\/wp-content\/plugins\/pdf-print\/images\/pdf.png\" alt=\"image_pdf\" title=\"View PDF\" \/><span class=\"pdfprnt-button-title pdfprnt-button-pdf-title\">t\u00e9l\u00e9chargez cette page en pdf<\/span><\/a><a href=\"https:\/\/old.varela-design.com\/radiateur-design\/wp-json\/wp\/v2\/product\/12351?print=print\" class=\"pdfprnt-button pdfprnt-button-print\" target=\"_blank\"><img src=\"https:\/\/varela-design.com\/radiateur-design\/wp-content\/plugins\/pdf-print\/images\/print.png\" alt=\"image_print\" title=\"Print Content\" \/><span class=\"pdfprnt-button-title pdfprnt-button-print-title\">imprimez cette page<\/span><\/a><\/div>","protected":false},"excerpt":{"rendered":"<blockquote>\n<h2>Radiateur design r\u00e9invent\u00e9<\/h2>\n<p>Notre radiateur design \u00e0 ailettes vous est pr\u00e9sent\u00e9 dans une version avec pieds r\u00e9invent\u00e9s.<\/p>\n<p>C\u2019est une touche de modernit\u00e9 dans votre int\u00e9rieur que ce produit veut apporter.<\/p>\n<p>Il est disponible en version \u00e9lectrique ou chauffage central. Le radiateur design VD4661 avec une ailette de diam\u00e8tre 130mm conviendra \u00e0 tout emplacement, que ce soit le s\u00e9jour ou la chambre, sous une fen\u00eatre ou le long d\u2019un mur, par sa large gamme de dimensions. Con\u00e7u en acier \u00e9tir\u00e9 \u00e0 froid dans des &#8230;<br \/>\n<a href=\"#tab-description\" class=\"cs_button cs_button_small cs_button_red\">voir description compl\u00e8te<\/a><\/p><\/blockquote>\n<div id=\"attachment_12449\" style=\"width: 160px\" class=\"wp-caption alignnone\"><img aria-describedby=\"caption-attachment-12449\" loading=\"lazy\" class=\"wp-image-12449 size-thumbnail\" src=\"http:\/\/varela-design.com\/radiateur-design\/wp-content\/uploads\/2017\/08\/Fabriqu\u00e9-en-France-150x150.jpg\" alt=\"logo norme fabriqu\u00e9 en france\" width=\"150\" height=\"150\" srcset=\"https:\/\/old.varela-design.com\/radiateur-design\/wp-content\/uploads\/2017\/08\/Fabriqu\u00e9-en-France-150x150.jpg 150w, https:\/\/old.varela-design.com\/radiateur-design\/wp-content\/uploads\/2017\/08\/Fabriqu\u00e9-en-France-300x300.jpg 300w, https:\/\/old.varela-design.com\/radiateur-design\/wp-content\/uploads\/2017\/08\/Fabriqu\u00e9-en-France-80x80.jpg 80w, https:\/\/old.varela-design.com\/radiateur-design\/wp-content\/uploads\/2017\/08\/Fabriqu\u00e9-en-France-120x120.jpg 120w, https:\/\/old.varela-design.com\/radiateur-design\/wp-content\/uploads\/2017\/08\/Fabriqu\u00e9-en-France.jpg 334w\" sizes=\"(max-width: 150px) 100vw, 150px\" \/><p id=\"caption-attachment-12449\" class=\"wp-caption-text\">\u00a0fabriqu\u00e9 en france<\/p><\/div>\n<div class=\"su-members xoo-el-login-tgr\" style=\"background-color:#ffbfc3;border-color:#c40c10;color:#5e0000\">Les tarifs HT publics sont destin\u00e9s uniquement aux utilisateurs enregistr\u00e9s. Veuillez-vous connecter en cliquant <a href=\"#\">ici<\/a> .<\/div>\n","protected":false},"featured_media":12343,"comment_status":"open","ping_status":"closed","template":"","meta":[],"yoast_head":"<!-- This site is optimized with the Yoast SEO plugin v16.0.2 - https:\/\/yoast.com\/wordpress\/plugins\/seo\/ -->\n<title>Radiateur design VD4661 - radiateur a ailette - varela design<\/title>\n<meta name=\"description\" content=\"Il est disponible en version \u00e9lectrique ou chauffage central. Le radiateur design VD4661 avec une ailette de diam\u00e8tre 130mm conviendra \u00e0 tout ...\" \/>\n<meta property=\"og:locale\" content=\"fr_FR\" \/>\n<meta property=\"og:type\" content=\"article\" \/>\n<meta property=\"og:title\" content=\"Radiateur design VD 4661 par Varela design made in France\" \/>\n<meta property=\"og:description\" content=\"Le radiateur design VD 4661 , sign\u00e9 Varela Design, conception &quot;made in France&quot;, ce radiateur inspir\u00e9 du VD 4601 au type industriel \u00e0 ailette h\u00e9lico\u00efdale. 2018 c\u2019est un design plus contemporain par la transformation d\u2019un nouveau concept de pied (d\u00e9pos\u00e9 INPI\" \/>\n<meta property=\"og:url\" content=\"https:\/\/old.varela-design.com\/radiateur-design\/produit\/radiateur-design-vd-4661-par-varela-design-made-in-france\/\" \/>\n<meta property=\"og:site_name\" content=\"varela design\" \/>\n<meta property=\"article:publisher\" content=\"https:\/\/www.facebook.com\/VarelaDesignRadiateur\" \/>\n<meta property=\"article:modified_time\" content=\"2020-03-09T14:11:58+00:00\" \/>\n<meta property=\"og:image\" content=\"https:\/\/old.varela-design.com\/radiateur-design\/wp-content\/uploads\/2017\/08\/PROPAL-ESSAIS-5.jpg\" \/>\n\t<meta property=\"og:image:width\" content=\"772\" \/>\n\t<meta property=\"og:image:height\" content=\"1156\" \/>\n<meta name=\"twitter:card\" content=\"summary_large_image\" \/>\n<meta name=\"twitter:title\" content=\"Radiateur design VD 4661 par Varela design made in France\" \/>\n<meta name=\"twitter:description\" content=\"Le radiateur design VD 4661 , sign\u00e9 Varela Design, conception &quot;made in France&quot;, ce radiateur inspir\u00e9 du VD 4601 au type industriel \u00e0 ailette h\u00e9lico\u00efdale. 2018 c\u2019est un design plus contemporain par la transformation d\u2019un nouveau concept de pied (d\u00e9pos\u00e9 INPI\" \/>\n<meta name=\"twitter:image\" content=\"http:\/\/varela-design.com\/radiateur-design\/wp-content\/uploads\/2017\/08\/PROPAL-ESSAIS-5.jpg\" \/>\n<meta name=\"twitter:site\" content=\"@varela_design\" \/>\n<meta name=\"twitter:label1\" content=\"Dur\u00e9e de lecture est.\">\n\t<meta name=\"twitter:data1\" content=\"2 minutes\">\n<script type=\"application\/ld+json\" class=\"yoast-schema-graph\">{\"@context\":\"https:\/\/schema.org\",\"@graph\":[{\"@type\":\"WebSite\",\"@id\":\"https:\/\/old.varela-design.com\/radiateur-design\/#website\",\"url\":\"https:\/\/old.varela-design.com\/radiateur-design\/\",\"name\":\"varela design\",\"description\":\"Radiateur design et s\\u00e8che serviette design\",\"potentialAction\":[{\"@type\":\"SearchAction\",\"target\":\"https:\/\/old.varela-design.com\/radiateur-design\/?s={search_term_string}\",\"query-input\":\"required name=search_term_string\"}],\"inLanguage\":\"fr-FR\"},{\"@type\":\"ImageObject\",\"@id\":\"https:\/\/old.varela-design.com\/radiateur-design\/produit\/radiateur-design-vd-4661-par-varela-design-made-in-france\/#primaryimage\",\"inLanguage\":\"fr-FR\",\"url\":\"https:\/\/old.varela-design.com\/radiateur-design\/wp-content\/uploads\/2017\/08\/PROPAL-ESSAIS-5.jpg\",\"width\":772,\"height\":1156,\"caption\":\"Radiateur design VD4661\"},{\"@type\":\"WebPage\",\"@id\":\"https:\/\/old.varela-design.com\/radiateur-design\/produit\/radiateur-design-vd-4661-par-varela-design-made-in-france\/#webpage\",\"url\":\"https:\/\/old.varela-design.com\/radiateur-design\/produit\/radiateur-design-vd-4661-par-varela-design-made-in-france\/\",\"name\":\"Radiateur design VD4661 - radiateur a ailette - varela design\",\"isPartOf\":{\"@id\":\"https:\/\/old.varela-design.com\/radiateur-design\/#website\"},\"primaryImageOfPage\":{\"@id\":\"https:\/\/old.varela-design.com\/radiateur-design\/produit\/radiateur-design-vd-4661-par-varela-design-made-in-france\/#primaryimage\"},\"datePublished\":\"2017-08-30T07:42:03+00:00\",\"dateModified\":\"2020-03-09T14:11:58+00:00\",\"description\":\"Il est disponible en version \\u00e9lectrique ou chauffage central. Le radiateur design VD4661 avec une ailette de diam\\u00e8tre 130mm conviendra \\u00e0 tout ...\",\"breadcrumb\":{\"@id\":\"https:\/\/old.varela-design.com\/radiateur-design\/produit\/radiateur-design-vd-4661-par-varela-design-made-in-france\/#breadcrumb\"},\"inLanguage\":\"fr-FR\",\"potentialAction\":[{\"@type\":\"ReadAction\",\"target\":[\"https:\/\/old.varela-design.com\/radiateur-design\/produit\/radiateur-design-vd-4661-par-varela-design-made-in-france\/\"]}]},{\"@type\":\"BreadcrumbList\",\"@id\":\"https:\/\/old.varela-design.com\/radiateur-design\/produit\/radiateur-design-vd-4661-par-varela-design-made-in-france\/#breadcrumb\",\"itemListElement\":[{\"@type\":\"ListItem\",\"position\":1,\"item\":{\"@type\":\"WebPage\",\"@id\":\"https:\/\/old.varela-design.com\/radiateur-design\/\",\"url\":\"https:\/\/old.varela-design.com\/radiateur-design\/\",\"name\":\"Home\"}},{\"@type\":\"ListItem\",\"position\":2,\"item\":{\"@type\":\"WebPage\",\"@id\":\"https:\/\/old.varela-design.com\/radiateur-design\/boutique\/\",\"url\":\"https:\/\/old.varela-design.com\/radiateur-design\/boutique\/\",\"name\":\"Nos produits\"}},{\"@type\":\"ListItem\",\"position\":3,\"item\":{\"@type\":\"WebPage\",\"@id\":\"https:\/\/old.varela-design.com\/radiateur-design\/produit\/radiateur-design-vd-4661-par-varela-design-made-in-france\/\",\"url\":\"https:\/\/old.varela-design.com\/radiateur-design\/produit\/radiateur-design-vd-4661-par-varela-design-made-in-france\/\",\"name\":\"Radiateur design VD4661\"}}]}]}<\/script>\n<!-- \/ Yoast SEO plugin. -->","_links":{"self":[{"href":"https:\/\/old.varela-design.com\/radiateur-design\/wp-json\/wp\/v2\/product\/12351"}],"collection":[{"href":"https:\/\/old.varela-design.com\/radiateur-design\/wp-json\/wp\/v2\/product"}],"about":[{"href":"https:\/\/old.varela-design.com\/radiateur-design\/wp-json\/wp\/v2\/types\/product"}],"replies":[{"embeddable":true,"href":"https:\/\/old.varela-design.com\/radiateur-design\/wp-json\/wp\/v2\/comments?post=12351"}],"wp:featuredmedia":[{"embeddable":true,"href":"https:\/\/old.varela-design.com\/radiateur-design\/wp-json\/wp\/v2\/media\/12343"}],"wp:attachment":[{"href":"https:\/\/old.varela-design.com\/radiateur-design\/wp-json\/wp\/v2\/media?parent=12351"}],"curies":[{"name":"wp","href":"https:\/\/api.w.org\/{rel}","templated":true}]}}