{"id":12444,"date":"2017-08-30T12:08:58","date_gmt":"2017-08-30T10:08:58","guid":{"rendered":"http:\/\/varela-design.com\/radiateur-design\/?post_type=product&#038;p=12444"},"modified":"2020-03-09T16:11:56","modified_gmt":"2020-03-09T14:11:56","slug":"radiateur-design-paris-vd-4675-par-varela-design-et-made-in-france","status":"publish","type":"product","link":"https:\/\/old.varela-design.com\/radiateur-design\/produit\/radiateur-design-paris-vd-4675-par-varela-design-et-made-in-france\/","title":{"rendered":"Radiateur design Paris VD 4675 &#8211; varela design fabriqu\u00e9 en France &#x1f1eb;&#x1f1f7;"},"content":{"rendered":"<div style=\"display: none;\"\n    class=\"kk-star-ratings kksr-valign-top kksr-align-left kksr-disabled\"\n    data-id=\"12444\"\n    data-slug=\"\">\n    <div class=\"kksr-stars\">\n    <div class=\"kksr-stars-inactive\">\n            <div class=\"kksr-star\" data-star=\"1\">\n            <div class=\"kksr-icon\" style=\"width: px; height: px;\"><\/div>\n        <\/div>\n            <div class=\"kksr-star\" data-star=\"2\">\n            <div class=\"kksr-icon\" style=\"width: px; height: px;\"><\/div>\n        <\/div>\n            <div class=\"kksr-star\" data-star=\"3\">\n            <div class=\"kksr-icon\" style=\"width: px; height: px;\"><\/div>\n        <\/div>\n            <div class=\"kksr-star\" data-star=\"4\">\n            <div class=\"kksr-icon\" style=\"width: px; height: px;\"><\/div>\n        <\/div>\n            <div class=\"kksr-star\" data-star=\"5\">\n            <div class=\"kksr-icon\" style=\"width: px; height: px;\"><\/div>\n        <\/div>\n    <\/div>\n    <div class=\"kksr-stars-active\" style=\"width: 0px;\">\n            <div class=\"kksr-star\">\n            <div class=\"kksr-icon\" style=\"width: px; height: px;\"><\/div>\n        <\/div>\n            <div class=\"kksr-star\">\n            <div class=\"kksr-icon\" style=\"width: px; height: px;\"><\/div>\n        <\/div>\n            <div class=\"kksr-star\">\n            <div class=\"kksr-icon\" style=\"width: px; height: px;\"><\/div>\n        <\/div>\n            <div class=\"kksr-star\">\n            <div class=\"kksr-icon\" style=\"width: px; height: px;\"><\/div>\n        <\/div>\n            <div class=\"kksr-star\">\n            <div class=\"kksr-icon\" style=\"width: px; height: px;\"><\/div>\n        <\/div>\n    <\/div>\n<\/div>\n    <div class=\"kksr-legend\">\n            <strong class=\"kksr-score\">5<\/strong>\n        <span class=\"kksr-muted\">\/<\/span>\n        <strong>5<\/strong>\n        <span class=\"kksr-muted\">(<\/span>\n        <strong class=\"kksr-count\">1<\/strong>\n        <span class=\"kksr-muted\">\n            vote        <\/span>\n        <span class=\"kksr-muted\">)<\/span>\n    <\/div>\n<\/div>\n<p>made in France. Radiateur design Paris VD 4675 .<\/p>\n<p>Afin de vendre les m\u00e9rites et la qualit\u00e9 du travail fran\u00e7ais, le fameux \u00ab made in France \u00bb, Varela Design signe ce radiateur par son inspiration de ce nouveau pied, au regard de l\u2019ouvrage Eiffel.<\/p>\n<p>Mais aussi en le nommant du num\u00e9ro de d\u00e9partement de Paris.<\/p>\n<p>Comme dit Piaf dans sa chanson :<\/p>\n<p>\u00ab Paris, c\u2019\u00e9tait la gaiet\u00e9, Paris,<br \/>\nC\u2019\u00e9tait la douceur aussi.<br \/>\nC\u2019\u00e9tait notre tendresse. \u00bb<\/p>\n<p>Alors retrouvez chez vous un morceau de Paris, capitale de l\u2019art et de l\u2019amour, Le luxe \u00e0 la fran\u00e7aise.<\/p>\n<p>Ce mod\u00e8le se place au sol et horizontal, il est disponible jusqu\u2019\u00e0 6 m\u00e8tres en 156 mm de diam\u00e8tre qui fait 800 Watts au m\u00e8tre. Disponible en Acier couleur (RAL), ou Inox (espace salin), ce radiateur plinthe saura trouver sa place dans toutes les pi\u00e8ces de la maison et plus encore (bateau, piscine, atelier, \u2026)<\/p>\n<p>! \u2013 Le vernis mat est un traitement de protection et pas un traitement de couleur. Ne pas le laisser dans des espaces humides \u2013 !<\/p>\n<p>disponible aussi en <a href=\"http:\/\/varela-design.com\/radiateur-design\/radiateur-design-electrique-puissances\/\">radiateur design \u00e9lectrique<\/a>\u00a0ou<a href=\"http:\/\/varela-design.com\/radiateur-design\/radiateur-design-chauffage-central-puissances\/\"> radiateur design chauffage centrale<\/a><\/p>\n<p><a class=\"wp-colorbox-iframe cboxElement\" style=\"border-color: rgba(0, 0, 0, 0.64); background-image: initial; background-position: initial; background-size: initial; background-repeat: initial; background-attachment: initial; background-origin: initial; background-clip: initial; box-shadow: none; color: #ffffff; border-radius: 5px; text-shadow: none !important; padding: 13px 24px !important; font-size: 14px !important;\" href=\"https:\/\/www.youtube.com\/embed\/SmWmQVsrVZI\" data-rel=\"lightbox-video-0\">Nos coloris<\/a><\/p>\n<p><img loading=\"lazy\" class=\"alignnone size-thumbnail wp-image-12449\" src=\"http:\/\/varela-design.com\/radiateur-design\/wp-content\/uploads\/2017\/08\/Fabriqu\u00e9-en-France-150x150.jpg\" alt=\"\" width=\"150\" height=\"150\" srcset=\"https:\/\/old.varela-design.com\/radiateur-design\/wp-content\/uploads\/2017\/08\/Fabriqu\u00e9-en-France-150x150.jpg 150w, https:\/\/old.varela-design.com\/radiateur-design\/wp-content\/uploads\/2017\/08\/Fabriqu\u00e9-en-France-300x300.jpg 300w, https:\/\/old.varela-design.com\/radiateur-design\/wp-content\/uploads\/2017\/08\/Fabriqu\u00e9-en-France-80x80.jpg 80w, https:\/\/old.varela-design.com\/radiateur-design\/wp-content\/uploads\/2017\/08\/Fabriqu\u00e9-en-France-120x120.jpg 120w, https:\/\/old.varela-design.com\/radiateur-design\/wp-content\/uploads\/2017\/08\/Fabriqu\u00e9-en-France.jpg 334w\" sizes=\"(max-width: 150px) 100vw, 150px\" \/><\/p>\n<h2>Tous nos radiateurs design \u00e9lectrique sont \u00e9quiper des r\u00e9sistances PTC doublement \u00e9conomique<\/h2>\n<p><img loading=\"lazy\" class=\"alignleft\" src=\"http:\/\/varela-design.com\/radiateur-design\/wp-content\/uploads\/2018\/01\/R%C3%A9sistance-PTC-notice-explicative-725x1024.jpg\" width=\"492\" height=\"695\" \/><iframe class=\"wp-embedded-content\" title=\"\u00ab\u00a0R\u00e9sistance \u00e9lectrique PTC VA 205\u00a0\u00bb \u2014 varela design\" src=\"http:\/\/varela-design.com\/radiateur-design\/produit\/resistance-electrique-va-205\/embed\/#?secret=MrDj652MrU\" width=\"600\" height=\"702\" frameborder=\"0\" marginwidth=\"0\" marginheight=\"0\" scrolling=\"no\" sandbox=\"allow-scripts\" data-secret=\"MrDj652MrU\"><span data-mce-type=\"bookmark\" style=\"display: inline-block; width: 0px; overflow: hidden; line-height: 0;\" class=\"mce_SELRES_start\">\ufeff<\/span><\/iframe><br \/>\n&nbsp;<\/p>\n<div class=\"pdfprnt-buttons pdfprnt-buttons-product pdfprnt-bottom-right\"><a href=\"https:\/\/old.varela-design.com\/radiateur-design\/wp-json\/wp\/v2\/product\/12444?print=pdf\" class=\"pdfprnt-button pdfprnt-button-pdf\" target=\"_blank\"><img src=\"https:\/\/varela-design.com\/radiateur-design\/wp-content\/plugins\/pdf-print\/images\/pdf.png\" alt=\"image_pdf\" title=\"View PDF\" \/><span class=\"pdfprnt-button-title pdfprnt-button-pdf-title\">t\u00e9l\u00e9chargez cette page en pdf<\/span><\/a><a href=\"https:\/\/old.varela-design.com\/radiateur-design\/wp-json\/wp\/v2\/product\/12444?print=print\" class=\"pdfprnt-button pdfprnt-button-print\" target=\"_blank\"><img src=\"https:\/\/varela-design.com\/radiateur-design\/wp-content\/plugins\/pdf-print\/images\/print.png\" alt=\"image_print\" title=\"Print Content\" \/><span class=\"pdfprnt-button-title pdfprnt-button-print-title\">imprimez cette page<\/span><\/a><\/div>","protected":false},"excerpt":{"rendered":"<blockquote><p><strong>Seul radiateur design \u00e0 ailette 100% fabriqu\u00e9 en France<\/strong><\/p><\/blockquote>\n<p>made in France. Radiateur design Paris VD 4675 .<\/p>\n<p>Afin de vendre les m\u00e9rites et la qualit\u00e9 du travail fran\u00e7ais, le fameux \u00ab made in France \u00bb, Varela Design signe ce radiateur par son inspiration de ce nouveau pied, au regard de l\u2019ouvrage Eiffel mais aussi en le nommant du num\u00e9ro de d\u00e9partement de Paris.<\/p>\n<p>Comme dit Piaf dans sa chanson :<\/p>\n<p>\u00ab Paris, c\u2019\u00e9tait la gaiet\u00e9, Paris,<\/p>\n<p>C\u2019\u00e9tait la douceur aussi.<\/p>\n<p>C\u2019\u00e9tait notre tendresse. \u00bb<\/p>\n<p>Alors retrouvez chez vous un morceau de Paris, capitale de l\u2019art et de l\u2019amour, Le luxe \u00e0 la fran\u00e7aise.<\/p>\n<p>Ce mod\u00e8le se place au sol et horizontal, il est disponible jusqu\u2019\u00e0 6 m\u00e8tres en 156 mm de diam\u00e8tre qui fait 800 Watts au m\u00e8tre. Disponible en Acier couleur (RAL), ou Inox (espace salin), ce radiateur plinthe saura trouver sa place dans toutes les pi\u00e8ces de la maison et plus encore (bateau, piscine, atelier, \u2026)<\/p>\n<p>! \u2013 Le vernis mat est un traitement de protection et pas un traitement de couleur. Ne pas le laisser dans des espaces humides \u2013 !<\/p>\n<p><img loading=\"lazy\" class=\"alignnone size-thumbnail wp-image-12449\" src=\"http:\/\/varela-design.com\/radiateur-design\/wp-content\/uploads\/2017\/08\/Fabriqu\u00e9-en-France-150x150.jpg\" alt=\"\" width=\"150\" height=\"150\" srcset=\"https:\/\/old.varela-design.com\/radiateur-design\/wp-content\/uploads\/2017\/08\/Fabriqu\u00e9-en-France-150x150.jpg 150w, https:\/\/old.varela-design.com\/radiateur-design\/wp-content\/uploads\/2017\/08\/Fabriqu\u00e9-en-France-300x300.jpg 300w, https:\/\/old.varela-design.com\/radiateur-design\/wp-content\/uploads\/2017\/08\/Fabriqu\u00e9-en-France-80x80.jpg 80w, https:\/\/old.varela-design.com\/radiateur-design\/wp-content\/uploads\/2017\/08\/Fabriqu\u00e9-en-France-120x120.jpg 120w, https:\/\/old.varela-design.com\/radiateur-design\/wp-content\/uploads\/2017\/08\/Fabriqu\u00e9-en-France.jpg 334w\" sizes=\"(max-width: 150px) 100vw, 150px\" \/><\/p>\n<a href=\"#tab-description\" class=\"cs_button cs_button_small cs_button_red\">voir description compl\u00e8te<\/a>\n<div class=\"su-members xoo-el-login-tgr\" style=\"background-color:#ffbfc3;border-color:#c40c10;color:#5e0000\">Les tarifs HT publics sont destin\u00e9s uniquement aux utilisateurs enregistr\u00e9s. Veuillez-vous connecter en cliquant <a href=\"#\">ici<\/a> .<\/div>\n","protected":false},"featured_media":12339,"comment_status":"open","ping_status":"closed","template":"","meta":[],"yoast_head":"<!-- This site is optimized with the Yoast SEO plugin v16.0.2 - https:\/\/yoast.com\/wordpress\/plugins\/seo\/ -->\n<title>Radiateur design Paris VD 4675 - varela design fabriqu\u00e9 en France &#x1f1eb;&#x1f1f7;<\/title>\n<meta name=\"description\" content=\"Afin de vendre les m\u00e9rites et la qualit\u00e9 du travail fran\u00e7ais, le fameux \u00ab\u00a0made in France\u00a0\u00bb. Varela design\u00a0signe ce radiateur design par son inspiration...\" \/>\n<meta property=\"og:locale\" content=\"fr_FR\" \/>\n<meta property=\"og:type\" content=\"article\" \/>\n<meta property=\"og:title\" content=\"Radiateur design Paris VD 4675 - varela design fabriqu\u00e9 en France &#x1f1eb;&#x1f1f7;\" \/>\n<meta property=\"og:description\" content=\"Afin de vendre les m\u00e9rites et la qualit\u00e9 du travail fran\u00e7ais, le fameux \u00ab\u00a0made in France\u00a0\u00bb. Varela design\u00a0signe ce radiateur design par son inspiration...\" \/>\n<meta property=\"og:url\" content=\"https:\/\/old.varela-design.com\/radiateur-design\/produit\/radiateur-design-paris-vd-4675-par-varela-design-et-made-in-france\/\" \/>\n<meta property=\"og:site_name\" content=\"varela design\" \/>\n<meta property=\"article:publisher\" content=\"https:\/\/www.facebook.com\/VarelaDesignRadiateur\" \/>\n<meta property=\"article:modified_time\" content=\"2020-03-09T14:11:56+00:00\" \/>\n<meta property=\"og:image\" content=\"https:\/\/old.varela-design.com\/radiateur-design\/wp-content\/uploads\/2017\/08\/4675paris.jpg\" \/>\n\t<meta property=\"og:image:width\" content=\"476\" \/>\n\t<meta property=\"og:image:height\" content=\"248\" \/>\n<meta name=\"twitter:card\" content=\"summary_large_image\" \/>\n<meta name=\"twitter:site\" content=\"@varela_design\" \/>\n<meta name=\"twitter:label1\" content=\"Dur\u00e9e de lecture est.\">\n\t<meta name=\"twitter:data1\" content=\"1 minute\">\n<script type=\"application\/ld+json\" class=\"yoast-schema-graph\">{\"@context\":\"https:\/\/schema.org\",\"@graph\":[{\"@type\":\"WebSite\",\"@id\":\"https:\/\/old.varela-design.com\/radiateur-design\/#website\",\"url\":\"https:\/\/old.varela-design.com\/radiateur-design\/\",\"name\":\"varela design\",\"description\":\"Radiateur design et s\\u00e8che serviette design\",\"potentialAction\":[{\"@type\":\"SearchAction\",\"target\":\"https:\/\/old.varela-design.com\/radiateur-design\/?s={search_term_string}\",\"query-input\":\"required name=search_term_string\"}],\"inLanguage\":\"fr-FR\"},{\"@type\":\"ImageObject\",\"@id\":\"https:\/\/old.varela-design.com\/radiateur-design\/produit\/radiateur-design-paris-vd-4675-par-varela-design-et-made-in-france\/#primaryimage\",\"inLanguage\":\"fr-FR\",\"url\":\"https:\/\/old.varela-design.com\/radiateur-design\/wp-content\/uploads\/2017\/08\/PROPAL-ESSAIS-1.jpg\",\"width\":772,\"height\":1156,\"caption\":\"radiateur design paris made in france\"},{\"@type\":\"WebPage\",\"@id\":\"https:\/\/old.varela-design.com\/radiateur-design\/produit\/radiateur-design-paris-vd-4675-par-varela-design-et-made-in-france\/#webpage\",\"url\":\"https:\/\/old.varela-design.com\/radiateur-design\/produit\/radiateur-design-paris-vd-4675-par-varela-design-et-made-in-france\/\",\"name\":\"Radiateur design Paris VD 4675 - varela design fabriqu\\u00e9 en France &#x1f1eb;&#x1f1f7;\",\"isPartOf\":{\"@id\":\"https:\/\/old.varela-design.com\/radiateur-design\/#website\"},\"primaryImageOfPage\":{\"@id\":\"https:\/\/old.varela-design.com\/radiateur-design\/produit\/radiateur-design-paris-vd-4675-par-varela-design-et-made-in-france\/#primaryimage\"},\"datePublished\":\"2017-08-30T10:08:58+00:00\",\"dateModified\":\"2020-03-09T14:11:56+00:00\",\"description\":\"Afin de vendre les m\\u00e9rites et la qualit\\u00e9 du travail fran\\u00e7ais, le fameux \\u00ab\\u00a0made in France\\u00a0\\u00bb. Varela design\\u00a0signe ce radiateur design par son inspiration...\",\"breadcrumb\":{\"@id\":\"https:\/\/old.varela-design.com\/radiateur-design\/produit\/radiateur-design-paris-vd-4675-par-varela-design-et-made-in-france\/#breadcrumb\"},\"inLanguage\":\"fr-FR\",\"potentialAction\":[{\"@type\":\"ReadAction\",\"target\":[\"https:\/\/old.varela-design.com\/radiateur-design\/produit\/radiateur-design-paris-vd-4675-par-varela-design-et-made-in-france\/\"]}]},{\"@type\":\"BreadcrumbList\",\"@id\":\"https:\/\/old.varela-design.com\/radiateur-design\/produit\/radiateur-design-paris-vd-4675-par-varela-design-et-made-in-france\/#breadcrumb\",\"itemListElement\":[{\"@type\":\"ListItem\",\"position\":1,\"item\":{\"@type\":\"WebPage\",\"@id\":\"https:\/\/old.varela-design.com\/radiateur-design\/\",\"url\":\"https:\/\/old.varela-design.com\/radiateur-design\/\",\"name\":\"Home\"}},{\"@type\":\"ListItem\",\"position\":2,\"item\":{\"@type\":\"WebPage\",\"@id\":\"https:\/\/old.varela-design.com\/radiateur-design\/boutique\/\",\"url\":\"https:\/\/old.varela-design.com\/radiateur-design\/boutique\/\",\"name\":\"Nos produits\"}},{\"@type\":\"ListItem\",\"position\":3,\"item\":{\"@type\":\"WebPage\",\"@id\":\"https:\/\/old.varela-design.com\/radiateur-design\/produit\/radiateur-design-paris-vd-4675-par-varela-design-et-made-in-france\/\",\"url\":\"https:\/\/old.varela-design.com\/radiateur-design\/produit\/radiateur-design-paris-vd-4675-par-varela-design-et-made-in-france\/\",\"name\":\"Radiateur design Paris VD 4675 &#8211; varela design fabriqu\\u00e9 en France &#x1f1eb;&#x1f1f7;\"}}]}]}<\/script>\n<!-- \/ Yoast SEO plugin. -->","_links":{"self":[{"href":"https:\/\/old.varela-design.com\/radiateur-design\/wp-json\/wp\/v2\/product\/12444"}],"collection":[{"href":"https:\/\/old.varela-design.com\/radiateur-design\/wp-json\/wp\/v2\/product"}],"about":[{"href":"https:\/\/old.varela-design.com\/radiateur-design\/wp-json\/wp\/v2\/types\/product"}],"replies":[{"embeddable":true,"href":"https:\/\/old.varela-design.com\/radiateur-design\/wp-json\/wp\/v2\/comments?post=12444"}],"wp:featuredmedia":[{"embeddable":true,"href":"https:\/\/old.varela-design.com\/radiateur-design\/wp-json\/wp\/v2\/media\/12339"}],"wp:attachment":[{"href":"https:\/\/old.varela-design.com\/radiateur-design\/wp-json\/wp\/v2\/media?parent=12444"}],"curies":[{"name":"wp","href":"https:\/\/api.w.org\/{rel}","templated":true}]}}