{"id":13492,"date":"2018-05-24T10:02:43","date_gmt":"2018-05-24T08:02:43","guid":{"rendered":"http:\/\/varela-design.com\/radiateur-design\/?post_type=product&#038;p=13492"},"modified":"2020-03-09T16:11:52","modified_gmt":"2020-03-09T14:11:52","slug":"radiateur-design-vd-0720-varela-design","status":"publish","type":"product","link":"https:\/\/old.varela-design.com\/radiateur-design\/produit\/radiateur-design-vd-0720-varela-design\/","title":{"rendered":"Radiateur design VD 0720 &#8211; varela design"},"content":{"rendered":"<div style=\"display: none;\"\n    class=\"kk-star-ratings kksr-valign-top kksr-align-left kksr-disabled\"\n    data-id=\"13492\"\n    data-slug=\"\">\n    <div class=\"kksr-stars\">\n    <div class=\"kksr-stars-inactive\">\n            <div class=\"kksr-star\" data-star=\"1\">\n            <div class=\"kksr-icon\" style=\"width: px; height: px;\"><\/div>\n        <\/div>\n            <div class=\"kksr-star\" data-star=\"2\">\n            <div class=\"kksr-icon\" style=\"width: px; height: px;\"><\/div>\n        <\/div>\n            <div class=\"kksr-star\" data-star=\"3\">\n            <div class=\"kksr-icon\" style=\"width: px; height: px;\"><\/div>\n        <\/div>\n            <div class=\"kksr-star\" data-star=\"4\">\n            <div class=\"kksr-icon\" style=\"width: px; height: px;\"><\/div>\n        <\/div>\n            <div class=\"kksr-star\" data-star=\"5\">\n            <div class=\"kksr-icon\" style=\"width: px; height: px;\"><\/div>\n        <\/div>\n    <\/div>\n    <div class=\"kksr-stars-active\" style=\"width: 0px;\">\n            <div class=\"kksr-star\">\n            <div class=\"kksr-icon\" style=\"width: px; height: px;\"><\/div>\n        <\/div>\n            <div class=\"kksr-star\">\n            <div class=\"kksr-icon\" style=\"width: px; height: px;\"><\/div>\n        <\/div>\n            <div class=\"kksr-star\">\n            <div class=\"kksr-icon\" style=\"width: px; height: px;\"><\/div>\n        <\/div>\n            <div class=\"kksr-star\">\n            <div class=\"kksr-icon\" style=\"width: px; height: px;\"><\/div>\n        <\/div>\n            <div class=\"kksr-star\">\n            <div class=\"kksr-icon\" style=\"width: px; height: px;\"><\/div>\n        <\/div>\n    <\/div>\n<\/div>\n    <div class=\"kksr-legend\">\n            <span class=\"kksr-muted\"><\/span>\n    <\/div>\n<\/div>\n<h2>Radiateur\u00a0design VD 0720<\/h2>\n<p>Ce radiateur\u00a0design VD 0720 a par sa conception la particularit\u00e9 d\u2019\u00eatre un mod\u00e8le\u00a0tubulaire en acier.<br \/>\nIl se fait\u00a0en diff\u00e9rentes tailles\u00a0allant de 2 colonnes \u00e0 6 colonnes. De m\u00eame ce radiateur\u00a0design\u00a0est disponible en\u00a0plusieurs dimensions. Il est disponible en blanc RAL 9016 mais aussi en couleur RAL suivant notre nuancier.<\/p>\n<p>De plus ses fixations sont murales ou au sol avec des pieds soud\u00e9s. De plus ce produit est disponible en\u00a0<strong>chauffage central et electrique<\/strong>.<br \/>\nCependant si votre recherche est plut\u00f4t du style r\u00e9tro nous pouvons vous recommander dans la m\u00eame collection le <a href=\"http:\/\/varela-design.com\/radiateur-design\/produit\/radiateur-design-vd-0721r-varela-design\/\">radiateur design VD 0721r.<\/a><\/p>\n<h2>Radiateur design tubulaire<\/h2>\n<p>Ce produit est un radiateurs design tubulaires tr\u00e8s robuste mais surtout polyvalent.<br \/>\nPar cons\u00e9quent ce radiateur design a sa place dans les concepts de chauffage moderne.<br \/>\nUne diversit\u00e9 de mod\u00e8le, de dimension et de profondeur, en font donc un radiateur performant et confortable.<\/p>\n<p>Sa forme bien d\u00e9finie \u00e0 angles et bords arrondis, facilite son nettoyage, mais surtout emp\u00eache les risques d&#8217;accident de fa\u00e7on remarquable.\u00a0 Les nombreuses variantes existantes, permettent une int\u00e9gration personnelle et unique dans presque toutes les configurations de votre habitat.<\/p>\n<p>Jouer avec les murs arrondis des b\u00e2timents parisien, par exemple le style d&#8217;<a href=\"http:\/\/www.bienstrouves.com\/caracteristiques-immeuble-haussmannien\/\">immeuble Haussmannien<\/a>\u00a0.<br \/>\nAm\u00e9nager un studio dans les combles parisien.<\/p>\n<p>En conclusion, que ce soit pour cr\u00e9e une s\u00e9paration pour une pi\u00e8ce ou le dessous de comble, La polyvalence de ce radiateur design est presque infini. Ce radiateur combiner \u00e0 votre imagination et votre talent fera la d\u00e9co r\u00eaver de votre int\u00e9rieur<\/p>\n<a href=\"http:\/\/varela-design.com\/radiateur-design\/wp-content\/uploads\/2015\/06\/0720Tech.pdf\" class=\"cs_button cs_button_medium cs_button_red\" target=\"_blank\" >FICHE TECHNIQUE<\/a>\n<div class=\"su-members xoo-el-login-tgr\" style=\"background-color:#ffbfc3;border-color:#c40c10;color:#5e0000\">Les tarifs HT publics sont destin\u00e9s uniquement aux utilisateurs enregistr\u00e9s. Veuillez-vous connecter en cliquant <a href=\"#\">ici<\/a> .<\/div>\n<div class=\"pdfprnt-buttons pdfprnt-buttons-product pdfprnt-bottom-right\"><a href=\"https:\/\/old.varela-design.com\/radiateur-design\/wp-json\/wp\/v2\/product\/13492?print=pdf\" class=\"pdfprnt-button pdfprnt-button-pdf\" target=\"_blank\"><img src=\"https:\/\/varela-design.com\/radiateur-design\/wp-content\/plugins\/pdf-print\/images\/pdf.png\" alt=\"image_pdf\" title=\"View PDF\" \/><span class=\"pdfprnt-button-title pdfprnt-button-pdf-title\">t\u00e9l\u00e9chargez cette page en pdf<\/span><\/a><a href=\"https:\/\/old.varela-design.com\/radiateur-design\/wp-json\/wp\/v2\/product\/13492?print=print\" class=\"pdfprnt-button pdfprnt-button-print\" target=\"_blank\"><img src=\"https:\/\/varela-design.com\/radiateur-design\/wp-content\/plugins\/pdf-print\/images\/print.png\" alt=\"image_print\" title=\"Print Content\" \/><span class=\"pdfprnt-button-title pdfprnt-button-print-title\">imprimez cette page<\/span><\/a><\/div>","protected":false},"excerpt":{"rendered":"<h2>Radiateur\u00a0design VD 0720<\/h2>\n<p>Ce radiateur\u00a0design VD 0720 a par sa conception la particularit\u00e9 d\u2019\u00eatre un mod\u00e8le\u00a0tubulaire en acier.<\/p>\n<p>Ce radiateur\u00a0design VD 0720 a par sa conception la particularit\u00e9 d\u2019\u00eatre un mod\u00e8le\u00a0tubulaire en acier.<br \/>\nIl se fait\u00a0en diff\u00e9rentes tailles\u00a0allant de 2 colonnes \u00e0 6 colonnes. De m\u00eame ce radiateur\u00a0design\u00a0est disponible en\u00a0plusieurs dimensions. Il est disponible en blanc RAL 9016 mais aussi en couleur RAL suivant notre nuancier.<\/p>\n<p>De plus ses fixations sont murales ou&#8230;.<\/p>\n<a href=\"#tab-description\" class=\"cs_button cs_button_small cs_button_red\">voir description compl\u00e8te<\/a>\n<div class=\"su-members xoo-el-login-tgr\" style=\"background-color:#ffbfc3;border-color:#c40c10;color:#5e0000\">Les tarifs HT publics sont destin\u00e9s uniquement aux utilisateurs enregistr\u00e9s. Veuillez-vous connecter en cliquant <a href=\"#\">ici<\/a> .<\/div>\n","protected":false},"featured_media":18021,"comment_status":"closed","ping_status":"closed","template":"","meta":[],"yoast_head":"<!-- This site is optimized with the Yoast SEO plugin v16.0.2 - https:\/\/yoast.com\/wordpress\/plugins\/seo\/ -->\n<title>Radiateur\u00a0design VD 0720 - radiateurs tubulaires- Varela design<\/title>\n<meta name=\"description\" content=\"Le radiateur design VD 0720 est un radiateurs tubulaires d&#039;une robustesse et polyvalence unique. Donc impossible d&#039;exclure ses radiateurs tubulaires des ...\" \/>\n<meta property=\"og:locale\" content=\"fr_FR\" \/>\n<meta property=\"og:type\" content=\"article\" \/>\n<meta property=\"og:title\" content=\"Radiateur\u00a0design VD 0720 - radiateurs tubulaires- Varela design\" \/>\n<meta property=\"og:description\" content=\"Le radiateur design VD 0720 est un radiateurs tubulaires d&#039;une robustesse et polyvalence unique. Donc impossible d&#039;exclure ses radiateurs tubulaires des ...\" \/>\n<meta property=\"og:url\" content=\"https:\/\/old.varela-design.com\/radiateur-design\/produit\/radiateur-design-vd-0720-varela-design\/\" \/>\n<meta property=\"og:site_name\" content=\"varela design\" \/>\n<meta property=\"article:publisher\" content=\"https:\/\/www.facebook.com\/VarelaDesignRadiateur\" \/>\n<meta property=\"article:modified_time\" content=\"2020-03-09T14:11:52+00:00\" \/>\n<meta property=\"og:image\" content=\"https:\/\/old.varela-design.com\/radiateur-design\/wp-content\/uploads\/2018\/05\/R\u00f6hrenradiator.jpg\" \/>\n\t<meta property=\"og:image:width\" content=\"1385\" \/>\n\t<meta property=\"og:image:height\" content=\"1772\" \/>\n<meta name=\"twitter:card\" content=\"summary_large_image\" \/>\n<meta name=\"twitter:site\" content=\"@varela_design\" \/>\n<meta name=\"twitter:label1\" content=\"Dur\u00e9e de lecture est.\">\n\t<meta name=\"twitter:data1\" content=\"2 minutes\">\n<script type=\"application\/ld+json\" class=\"yoast-schema-graph\">{\"@context\":\"https:\/\/schema.org\",\"@graph\":[{\"@type\":\"WebSite\",\"@id\":\"https:\/\/old.varela-design.com\/radiateur-design\/#website\",\"url\":\"https:\/\/old.varela-design.com\/radiateur-design\/\",\"name\":\"varela design\",\"description\":\"Radiateur design et s\\u00e8che serviette design\",\"potentialAction\":[{\"@type\":\"SearchAction\",\"target\":\"https:\/\/old.varela-design.com\/radiateur-design\/?s={search_term_string}\",\"query-input\":\"required name=search_term_string\"}],\"inLanguage\":\"fr-FR\"},{\"@type\":\"ImageObject\",\"@id\":\"https:\/\/old.varela-design.com\/radiateur-design\/produit\/radiateur-design-vd-0720-varela-design\/#primaryimage\",\"inLanguage\":\"fr-FR\",\"url\":\"https:\/\/old.varela-design.com\/radiateur-design\/wp-content\/uploads\/2018\/05\/R\\u00f6hrenradiator.jpg\",\"width\":1385,\"height\":1772,\"caption\":\"radiateur r\\u00e9tro VD 0720\"},{\"@type\":\"WebPage\",\"@id\":\"https:\/\/old.varela-design.com\/radiateur-design\/produit\/radiateur-design-vd-0720-varela-design\/#webpage\",\"url\":\"https:\/\/old.varela-design.com\/radiateur-design\/produit\/radiateur-design-vd-0720-varela-design\/\",\"name\":\"Radiateur\\u00a0design VD 0720 - radiateurs tubulaires- Varela design\",\"isPartOf\":{\"@id\":\"https:\/\/old.varela-design.com\/radiateur-design\/#website\"},\"primaryImageOfPage\":{\"@id\":\"https:\/\/old.varela-design.com\/radiateur-design\/produit\/radiateur-design-vd-0720-varela-design\/#primaryimage\"},\"datePublished\":\"2018-05-24T08:02:43+00:00\",\"dateModified\":\"2020-03-09T14:11:52+00:00\",\"description\":\"Le radiateur design VD 0720 est un radiateurs tubulaires d'une robustesse et polyvalence unique. Donc impossible d'exclure ses radiateurs tubulaires des ...\",\"breadcrumb\":{\"@id\":\"https:\/\/old.varela-design.com\/radiateur-design\/produit\/radiateur-design-vd-0720-varela-design\/#breadcrumb\"},\"inLanguage\":\"fr-FR\",\"potentialAction\":[{\"@type\":\"ReadAction\",\"target\":[\"https:\/\/old.varela-design.com\/radiateur-design\/produit\/radiateur-design-vd-0720-varela-design\/\"]}]},{\"@type\":\"BreadcrumbList\",\"@id\":\"https:\/\/old.varela-design.com\/radiateur-design\/produit\/radiateur-design-vd-0720-varela-design\/#breadcrumb\",\"itemListElement\":[{\"@type\":\"ListItem\",\"position\":1,\"item\":{\"@type\":\"WebPage\",\"@id\":\"https:\/\/old.varela-design.com\/radiateur-design\/\",\"url\":\"https:\/\/old.varela-design.com\/radiateur-design\/\",\"name\":\"Home\"}},{\"@type\":\"ListItem\",\"position\":2,\"item\":{\"@type\":\"WebPage\",\"@id\":\"https:\/\/old.varela-design.com\/radiateur-design\/boutique\/\",\"url\":\"https:\/\/old.varela-design.com\/radiateur-design\/boutique\/\",\"name\":\"Nos produits\"}},{\"@type\":\"ListItem\",\"position\":3,\"item\":{\"@type\":\"WebPage\",\"@id\":\"https:\/\/old.varela-design.com\/radiateur-design\/produit\/radiateur-design-vd-0720-varela-design\/\",\"url\":\"https:\/\/old.varela-design.com\/radiateur-design\/produit\/radiateur-design-vd-0720-varela-design\/\",\"name\":\"Radiateur design VD 0720 &#8211; varela design\"}}]}]}<\/script>\n<!-- \/ Yoast SEO plugin. -->","_links":{"self":[{"href":"https:\/\/old.varela-design.com\/radiateur-design\/wp-json\/wp\/v2\/product\/13492"}],"collection":[{"href":"https:\/\/old.varela-design.com\/radiateur-design\/wp-json\/wp\/v2\/product"}],"about":[{"href":"https:\/\/old.varela-design.com\/radiateur-design\/wp-json\/wp\/v2\/types\/product"}],"replies":[{"embeddable":true,"href":"https:\/\/old.varela-design.com\/radiateur-design\/wp-json\/wp\/v2\/comments?post=13492"}],"wp:featuredmedia":[{"embeddable":true,"href":"https:\/\/old.varela-design.com\/radiateur-design\/wp-json\/wp\/v2\/media\/18021"}],"wp:attachment":[{"href":"https:\/\/old.varela-design.com\/radiateur-design\/wp-json\/wp\/v2\/media?parent=13492"}],"curies":[{"name":"wp","href":"https:\/\/api.w.org\/{rel}","templated":true}]}}