{"id":17794,"date":"2019-11-15T10:40:40","date_gmt":"2019-11-15T08:40:40","guid":{"rendered":"http:\/\/varela-design.com\/radiateur-design\/?post_type=product&#038;p=17794"},"modified":"2020-03-09T16:11:47","modified_gmt":"2020-03-09T14:11:47","slug":"radiateur-design-vd-0721r-varela-design","status":"publish","type":"product","link":"https:\/\/old.varela-design.com\/radiateur-design\/produit\/radiateur-design-vd-0721r-varela-design\/","title":{"rendered":"Radiateur design VD 0721R \u2013 varela design"},"content":{"rendered":"<div style=\"display: none;\"\n    class=\"kk-star-ratings kksr-valign-top kksr-align-left kksr-disabled\"\n    data-id=\"17794\"\n    data-slug=\"\">\n    <div class=\"kksr-stars\">\n    <div class=\"kksr-stars-inactive\">\n            <div class=\"kksr-star\" data-star=\"1\">\n            <div class=\"kksr-icon\" style=\"width: px; height: px;\"><\/div>\n        <\/div>\n            <div class=\"kksr-star\" data-star=\"2\">\n            <div class=\"kksr-icon\" style=\"width: px; height: px;\"><\/div>\n        <\/div>\n            <div class=\"kksr-star\" data-star=\"3\">\n            <div class=\"kksr-icon\" style=\"width: px; height: px;\"><\/div>\n        <\/div>\n            <div class=\"kksr-star\" data-star=\"4\">\n            <div class=\"kksr-icon\" style=\"width: px; height: px;\"><\/div>\n        <\/div>\n            <div class=\"kksr-star\" data-star=\"5\">\n            <div class=\"kksr-icon\" style=\"width: px; height: px;\"><\/div>\n        <\/div>\n    <\/div>\n    <div class=\"kksr-stars-active\" style=\"width: 0px;\">\n            <div class=\"kksr-star\">\n            <div class=\"kksr-icon\" style=\"width: px; height: px;\"><\/div>\n        <\/div>\n            <div class=\"kksr-star\">\n            <div class=\"kksr-icon\" style=\"width: px; height: px;\"><\/div>\n        <\/div>\n            <div class=\"kksr-star\">\n            <div class=\"kksr-icon\" style=\"width: px; height: px;\"><\/div>\n        <\/div>\n            <div class=\"kksr-star\">\n            <div class=\"kksr-icon\" style=\"width: px; height: px;\"><\/div>\n        <\/div>\n            <div class=\"kksr-star\">\n            <div class=\"kksr-icon\" style=\"width: px; height: px;\"><\/div>\n        <\/div>\n    <\/div>\n<\/div>\n    <div class=\"kksr-legend\">\n            <strong class=\"kksr-score\">4.4<\/strong>\n        <span class=\"kksr-muted\">\/<\/span>\n        <strong>5<\/strong>\n        <span class=\"kksr-muted\">(<\/span>\n        <strong class=\"kksr-count\">5<\/strong>\n        <span class=\"kksr-muted\">\n            votes        <\/span>\n        <span class=\"kksr-muted\">)<\/span>\n    <\/div>\n<\/div>\n<p><!--StartFragment -->Le radiateur design VD 0721 est un radiateurs tubulaires d&#8217;une robustesse et polyvalence unique. Donc impossible d&#8217;exclure ses radiateurs tubulaires des concept de chauffage moderne. Des mod\u00e8les et dimensions d&#8217;une rare diversit\u00e9 avec ses 5 profondeurs, en font donc des produits performant et confortable.<\/p>\n<p>Leur forme bien d\u00e9finie \u00e0 angles et bords arrondis diminue de fa\u00e7on remarquable le risque d&#8217;accident et facilite leur nettoyage.\u00a0 Les nombreuses variantes d&#8217;ex\u00e9cutions sp\u00e9ciales permettent une int\u00e9gration individuelle dans presque toutes les configurations de pi\u00e8ce.<\/p>\n<p><span style=\"background-image: initial; background-position: initial; background-size: initial; background-repeat: initial; background-attachment: initial; background-origin: initial; background-clip: initial; font-family: Roboto, serif;\">Le radiateur design VD 0721R existe en\u00a0<\/span><a tabindex=\"-1\" href=\"http:\/\/varela-design.com\/radiateur-design\/radiateur-design-chauffage-central-puissances\/\" target=\"_parent\"><span style=\"background-image: initial; background-position: initial; background-size: initial; background-repeat: initial; background-attachment: initial; background-origin: initial; background-clip: initial; padding: 0cm; border: 1pt windowtext; font-family: Roboto, serif;\">chauffage central<\/span><\/a><span style=\"background-image: initial; background-position: initial; background-size: initial; background-repeat: initial; background-attachment: initial; background-origin: initial; background-clip: initial; font-family: Roboto, serif;\">\u00a0seulement<\/span><span style=\"background-image: initial; background-position: initial; background-size: initial; background-repeat: initial; background-attachment: initial; background-origin: initial; background-clip: initial; font-family: Roboto, serif;\">.\u00a0Ce mod\u00e8le plinthe\u00a0tubulaire en acier se fait\u00a0en diff\u00e9rentes longueur et peut aller de 2 colonnes \u00e0 6 colonnes de profondeur. Ce radiateur\u00a0design est disponible en\u00a0plusieurs dimensions\u00a0et se fait en vernis transparent .<br \/>\n<\/span><!--EndFragment --><\/p>\n<p>Fixations murales ou au sol avec pieds soud\u00e9s<\/p>\n<p style=\"text-align: center;\"><a href=\"http:\/\/varela-design.com\/radiateur-design\/wp-content\/uploads\/2015\/07\/VD-0721-L1000-page-technique.pdf\" class=\"cs_button cs_button_medium cs_button_red\" target=\"_blank\" >FICHE TECHNIQUE<\/a>\n<div class=\"pdfprnt-buttons pdfprnt-buttons-product pdfprnt-bottom-right\"><a href=\"https:\/\/old.varela-design.com\/radiateur-design\/wp-json\/wp\/v2\/product\/17794?print=pdf\" class=\"pdfprnt-button pdfprnt-button-pdf\" target=\"_blank\"><img src=\"https:\/\/varela-design.com\/radiateur-design\/wp-content\/plugins\/pdf-print\/images\/pdf.png\" alt=\"image_pdf\" title=\"View PDF\" \/><span class=\"pdfprnt-button-title pdfprnt-button-pdf-title\">t\u00e9l\u00e9chargez cette page en pdf<\/span><\/a><a href=\"https:\/\/old.varela-design.com\/radiateur-design\/wp-json\/wp\/v2\/product\/17794?print=print\" class=\"pdfprnt-button pdfprnt-button-print\" target=\"_blank\"><img src=\"https:\/\/varela-design.com\/radiateur-design\/wp-content\/plugins\/pdf-print\/images\/print.png\" alt=\"image_print\" title=\"Print Content\" \/><span class=\"pdfprnt-button-title pdfprnt-button-print-title\">imprimez cette page<\/span><\/a><\/div>","protected":false},"excerpt":{"rendered":"<p>Le radiateur design VD 0721 est un radiateurs tubulaires d&#8217;une robustesse et polyvalence unique. Donc impossible d&#8217;exclure ses radiateurs tubulaires des concept de chauffage moderne. Des mod\u00e8les et dimensions d&#8217;une rare diversit\u00e9 avec ses 5 profondeurs, en font donc des produits performant et confortable.<\/p>\n<p>Leur forme bien d\u00e9finie \u00e0 angles et bords arrondis diminue de fa\u00e7on remarquable le risque d&#8217;accident et facilite leur nettoyage.\u00a0 Les nombreuses variantes d&#8217;ex\u00e9cutions sp\u00e9ciales permettent une int\u00e9gration individuelle dans presque toutes les configurations de pi\u00e8ce.<\/p>\n<p><span style=\"background-image: initial; background-position: initial; background-size: initial; background-repeat: initial; background-attachment: initial; background-origin: initial; background-clip: initial; font-family: Roboto, serif;\">Le radiateur design VD 0721R existe en\u00a0<\/span><a tabindex=\"-1\" href=\"http:\/\/varela-design.com\/radiateur-design\/radiateur-design-chauffage-central-puissances\/\" target=\"_parent\"><span style=\"background-image: initial; background-position: initial; background-size: initial; background-repeat: initial; background-attachment: initial; background-origin: initial; background-clip: initial; padding: 0cm; border: 1pt windowtext; font-family: Roboto, serif;\">chauffage central<\/span><\/a><span style=\"background-image: initial; background-position: initial; background-size: initial; background-repeat: initial; background-attachment: initial; background-origin: initial; background-clip: initial; font-family: Roboto, serif;\"> seulement<\/span><span style=\"background-image: initial; background-position: initial; background-size: initial; background-repeat: initial; background-attachment: initial; background-origin: initial; background-clip: initial; font-family: Roboto, serif;\">.\u00a0Ce mod\u00e8le plinthe\u00a0tubulaire en acier se fait\u00a0en diff\u00e9rentes longueur et peut aller de 2 colonnes \u00e0 6 colonnes de profondeur. Ce radiateur\u00a0design est disponible en\u00a0plusieurs dimensions\u00a0et se fait en vernis transparent.<\/span><\/p>\n<p><span style=\"background-image: initial; background-position: initial; background-size: initial; background-repeat: initial; background-attachment: initial; background-origin: initial; background-clip: initial; font-family: Roboto, serif;\">Fixations murales ou au sol avec pieds soud\u00e9s<\/span><\/p>\n<p><span style=\"background-image: initial; background-position: initial; background-size: initial; background-repeat: initial; background-attachment: initial; background-origin: initial; background-clip: initial; font-family: Roboto, serif;\"><br \/>\n<a href=\"#tab-description\" class=\"cs_button cs_button_small cs_button_red\">voir description compl\u00e8te<\/a><\/span><\/p>\n<div class=\"su-members xoo-el-login-tgr\" style=\"background-color:#ffbfc3;border-color:#c40c10;color:#5e0000\">Les tarifs HT publics sont destin\u00e9s uniquement aux utilisateurs enregistr\u00e9s. Veuillez-vous connecter en cliquant <a href=\"#\">ici<\/a> .<\/div>\n","protected":false},"featured_media":13224,"comment_status":"open","ping_status":"closed","template":"","meta":[],"yoast_head":"<!-- This site is optimized with the Yoast SEO plugin v16.0.2 - https:\/\/yoast.com\/wordpress\/plugins\/seo\/ -->\n<title>Radiateur design VD 0721R \u2013 varela design - varela design<\/title>\n<meta property=\"og:locale\" content=\"fr_FR\" \/>\n<meta property=\"og:type\" content=\"article\" \/>\n<meta property=\"og:title\" content=\"Radiateur design VD 0721R \u2013 varela design - varela design\" \/>\n<meta property=\"og:description\" content=\"Le radiateur design VD 0721 est un radiateurs tubulaires d&#039;une robustesse et polyvalence unique. Donc impossible d&#039;exclure ses radiateurs tubulaires des concept de chauffage moderne. Des mod\u00e8les et dimensions d&#039;une rare diversit\u00e9 avec ses 5 profondeurs, en font donc des produits performant et confortable.  Leur forme bien d\u00e9finie \u00e0 angles et bords arrondis diminue de fa\u00e7on remarquable le risque d&#039;accident et facilite leur nettoyage.\u00a0 Les nombreuses variantes d&#039;ex\u00e9cutions sp\u00e9ciales permettent une int\u00e9gration individuelle dans presque toutes les configurations de pi\u00e8ce.  Le radiateur design VD 0721R existe en\u00a0chauffage central seulement.\u00a0Ce mod\u00e8le plinthe\u00a0tubulaire en acier se fait\u00a0en diff\u00e9rentes longueur et peut aller de 2 colonnes \u00e0 6 colonnes de profondeur. Ce radiateur\u00a0design est disponible en\u00a0plusieurs dimensions\u00a0et se fait en vernis transparent.  Fixations murales ou au sol avec pieds soud\u00e9s\" \/>\n<meta property=\"og:url\" content=\"https:\/\/old.varela-design.com\/radiateur-design\/produit\/radiateur-design-vd-0721r-varela-design\/\" \/>\n<meta property=\"og:site_name\" content=\"varela design\" \/>\n<meta property=\"article:publisher\" content=\"https:\/\/www.facebook.com\/VarelaDesignRadiateur\" \/>\n<meta property=\"article:modified_time\" content=\"2020-03-09T14:11:47+00:00\" \/>\n<meta property=\"og:image\" content=\"https:\/\/old.varela-design.com\/radiateur-design\/wp-content\/uploads\/2017\/09\/okioLphhXWMbwaRtPTH4HA-1440-80-e1574091200175.jpg\" \/>\n\t<meta property=\"og:image:width\" content=\"703\" \/>\n\t<meta property=\"og:image:height\" content=\"600\" \/>\n<meta name=\"twitter:card\" content=\"summary_large_image\" \/>\n<meta name=\"twitter:site\" content=\"@varela_design\" \/>\n<meta name=\"twitter:label1\" content=\"Dur\u00e9e de lecture est.\">\n\t<meta name=\"twitter:data1\" content=\"1 minute\">\n<script type=\"application\/ld+json\" class=\"yoast-schema-graph\">{\"@context\":\"https:\/\/schema.org\",\"@graph\":[{\"@type\":\"WebSite\",\"@id\":\"https:\/\/old.varela-design.com\/radiateur-design\/#website\",\"url\":\"https:\/\/old.varela-design.com\/radiateur-design\/\",\"name\":\"varela design\",\"description\":\"Radiateur design et s\\u00e8che serviette design\",\"potentialAction\":[{\"@type\":\"SearchAction\",\"target\":\"https:\/\/old.varela-design.com\/radiateur-design\/?s={search_term_string}\",\"query-input\":\"required name=search_term_string\"}],\"inLanguage\":\"fr-FR\"},{\"@type\":\"ImageObject\",\"@id\":\"https:\/\/old.varela-design.com\/radiateur-design\/produit\/radiateur-design-vd-0721r-varela-design\/#primaryimage\",\"inLanguage\":\"fr-FR\",\"url\":\"https:\/\/old.varela-design.com\/radiateur-design\/wp-content\/uploads\/2017\/09\/okioLphhXWMbwaRtPTH4HA-1440-80-e1574091200175.jpg\",\"width\":703,\"height\":600,\"caption\":\"radiateur r\\u00e9tro\"},{\"@type\":\"WebPage\",\"@id\":\"https:\/\/old.varela-design.com\/radiateur-design\/produit\/radiateur-design-vd-0721r-varela-design\/#webpage\",\"url\":\"https:\/\/old.varela-design.com\/radiateur-design\/produit\/radiateur-design-vd-0721r-varela-design\/\",\"name\":\"Radiateur design VD 0721R \\u2013 varela design - varela design\",\"isPartOf\":{\"@id\":\"https:\/\/old.varela-design.com\/radiateur-design\/#website\"},\"primaryImageOfPage\":{\"@id\":\"https:\/\/old.varela-design.com\/radiateur-design\/produit\/radiateur-design-vd-0721r-varela-design\/#primaryimage\"},\"datePublished\":\"2019-11-15T08:40:40+00:00\",\"dateModified\":\"2020-03-09T14:11:47+00:00\",\"breadcrumb\":{\"@id\":\"https:\/\/old.varela-design.com\/radiateur-design\/produit\/radiateur-design-vd-0721r-varela-design\/#breadcrumb\"},\"inLanguage\":\"fr-FR\",\"potentialAction\":[{\"@type\":\"ReadAction\",\"target\":[\"https:\/\/old.varela-design.com\/radiateur-design\/produit\/radiateur-design-vd-0721r-varela-design\/\"]}]},{\"@type\":\"BreadcrumbList\",\"@id\":\"https:\/\/old.varela-design.com\/radiateur-design\/produit\/radiateur-design-vd-0721r-varela-design\/#breadcrumb\",\"itemListElement\":[{\"@type\":\"ListItem\",\"position\":1,\"item\":{\"@type\":\"WebPage\",\"@id\":\"https:\/\/old.varela-design.com\/radiateur-design\/\",\"url\":\"https:\/\/old.varela-design.com\/radiateur-design\/\",\"name\":\"Home\"}},{\"@type\":\"ListItem\",\"position\":2,\"item\":{\"@type\":\"WebPage\",\"@id\":\"https:\/\/old.varela-design.com\/radiateur-design\/boutique\/\",\"url\":\"https:\/\/old.varela-design.com\/radiateur-design\/boutique\/\",\"name\":\"Nos produits\"}},{\"@type\":\"ListItem\",\"position\":3,\"item\":{\"@type\":\"WebPage\",\"@id\":\"https:\/\/old.varela-design.com\/radiateur-design\/produit\/radiateur-design-vd-0721r-varela-design\/\",\"url\":\"https:\/\/old.varela-design.com\/radiateur-design\/produit\/radiateur-design-vd-0721r-varela-design\/\",\"name\":\"Radiateur design VD 0721R \\u2013 varela design\"}}]}]}<\/script>\n<!-- \/ Yoast SEO plugin. -->","_links":{"self":[{"href":"https:\/\/old.varela-design.com\/radiateur-design\/wp-json\/wp\/v2\/product\/17794"}],"collection":[{"href":"https:\/\/old.varela-design.com\/radiateur-design\/wp-json\/wp\/v2\/product"}],"about":[{"href":"https:\/\/old.varela-design.com\/radiateur-design\/wp-json\/wp\/v2\/types\/product"}],"replies":[{"embeddable":true,"href":"https:\/\/old.varela-design.com\/radiateur-design\/wp-json\/wp\/v2\/comments?post=17794"}],"wp:featuredmedia":[{"embeddable":true,"href":"https:\/\/old.varela-design.com\/radiateur-design\/wp-json\/wp\/v2\/media\/13224"}],"wp:attachment":[{"href":"https:\/\/old.varela-design.com\/radiateur-design\/wp-json\/wp\/v2\/media?parent=17794"}],"curies":[{"name":"wp","href":"https:\/\/api.w.org\/{rel}","templated":true}]}}